2 + 37*x - 141. Let n be o(12). What is the greatest common divisor of 207 and n?
69
Suppose 2*t + 3*z = 9, 3*z = -1 - 2. Suppose 225*n = 191*n + 1632. Calculate the highest common factor of n and t.
6
Let l(n) = n - 20. Let d be l(11). Let s be (-6)/((-108)/1794) + (-3)/d. What is the highest common divisor of s and 20?
20
Let g be (-2)/((14/8)/(-7)). Suppose -106 = -6*p + g. Let r = p + 5. Calculate the highest common factor of 168 and r.
24
Suppose -3*o = -4*b + 13295 + 54484, 33883 = 2*b + 5*o. What is the greatest common factor of 8 and b?
8
Let w(n) = 7*n**2 + 1247*n - 13895. Let h be w(11). What is the highest common factor of h and 105?
3
Let x = 39 + -35. Let a be (-2 - 106/2)/(x + -5). Suppose 3*q + 19 = a. Calculate the highest common factor of 96 and q.
12
Let i be (2190/90)/(4/108). Calculate the highest common factor of i and 279.
9
Let u = -13851 - -13861. What is the greatest common divisor of u and 9960?
10
Suppose -5*b + 5 = -5*r, 5 - 9 = -2*r. Suppose 5*o + b*v - 46 = 46, 0 = -o + 2*v + 8. Calculate the greatest common factor of 26 and o.
2
Suppose -94432*g + 94457*g - 341200 = 0. Calculate the highest common factor of g and 16.
16
Suppose -i - 1 + 3 = -4*q, 4*i = 2*q + 36. Let t be 105/i + (3 - (-9)/(-2)). Suppose -4*m = -2 - 10. What is the highest common factor of m and t?
3
Let w be 2/4 + 1383/6. Let u be 8*(30555/(-14))/(-15). Suppose 0 = 6*m + 1038 - u. Calculate the greatest common factor of m and w.
21
Suppose -4*z + 279 = -261. Let j = z + -99. Let i = 70 - 46. Calculate the highest common divisor of i and j.
12
Let a = -501 - -516. Let b(r) be the second derivative of 13*r**3/6 - 5*r**2 + 4*r. Let z be b(10). Calculate the greatest common divisor of a and z.
15
Suppose -v = 4*g - 35, -4*v + 70 = -3*g + 5*g. Let m be (-18)/(-10)*525/v. Calculate the greatest common factor of m and 18.
9
Let d = -52 + 78. What is the highest common factor of d and 2236?
26
Suppose o - 60 = -3*o. Let l be (2 + 12/(-10))*(100/5 - -30). Calculate the greatest common factor of o and l.
5
Suppose 3 = -2*r + a, -2*r + 4*a = 18 - 0. Let q be (-1)/r + (154 - 9 - 12). What is the greatest common factor of q and 156?
12
Let a be (-209 + -1)*(0 + 2)/((-450)/180). What is the greatest common factor of a and 182?
14
Suppose -2080 = -17*h + 997. Let i = h - 115. Calculate the greatest common divisor of 33 and i.
33
Let t(h) = -29*h + 708. Let a be t(22). Calculate the greatest common factor of a and 364.
14
Let b(a) = 10*a**2 - 281*a - 99. Let r be b(29). Calculate the highest common factor of 270 and r.
54
Let n(p) = -312*p - 1240. Let d be n(-4). What is the greatest common factor of d and 4020?
4
Let l be (-3 - -2) + 1 + 28. Let d(s) be the third derivative of -s**4/24 + 5*s**3/3 - 9*s**2. Let i be d(-4). What is the highest common factor of l and i?
14
Suppose -3*h = 4*r - 3660, 24*r - 2439 = -2*h + 21*r. Calculate the highest common factor of h and 84.
12
Let q = -172 + 176. Suppose q*x = 216 + 144. Calculate the greatest common divisor of x and 12.
6
Let b(s) = 12*s - 78. Let u be b(-19). Let m be (2/(-9) - u/(-81)) + 188. What is the greatest common divisor of m and 8?
8
Suppose -5*g + 960 = 3*g. Let j be 75/4*(-191 + 195). Calculate the highest common divisor of j and g.
15
Let l be -6 + (97*(-1 + 8) - 1). Suppose 19*g = -9*g + l. What is the highest common divisor of 744 and g?
24
Suppose 17*g = 21*g - 8. Suppose o - 261 = g*o + s, o + 255 = s. Let m be ((-21)/(-2))/(-3)*o/3. What is the greatest common factor of m and 43?
43
Let o = -92 - -96. Suppose d + o*s = 160, d + 3*s + 735 = 5*d. Suppose 7 = -4*z + 87. What is the highest common factor of d and z?
20
Let b(o) = -o**2 - 354*o - 14419. Let n be b(-307). Let g be (-430)/(1/4*-2). Calculate the highest common factor of g and n.
10
Let h(p) = 123*p**2 + 10*p + 48. Let g be h(-2). Calculate the highest common divisor of g and 40.
40
Suppose 0 = 4*r - 4*q - 1413 + 109, 0 = 2*r + 2*q - 668. Suppose 0 = p + 314 - r. What is the greatest common divisor of 64 and p?
16
Let p = 894 - 834. Suppose -4*c + 8 = 2*a + a, -4*a = 0. Suppose 4*r - 4*l = -c*l + 60, -15 = -r + 4*l. Calculate the greatest common divisor of r and p.
15
Let v = -1070469 - -1070489. Suppose -l + 3 + 107 = 0. Let i be (-4)/((-1)/l*2). What is the greatest common divisor of v and i?
20
Suppose -43*g + 6222 = 7*g + g. What is the greatest common factor of g and 2257?
61
Let c(w) = -w**2 + 125*w - 3329. Let l be c(85). What is the highest common divisor of l and 32447?
71
Let l be (28/56)/(2/56). Let y be (-8)/6*((-27)/(-36))/(-1). What is the greatest common divisor of y and l?
1
Let p be -5 + 3 + -1 - -7. Suppose 0 = -p*o - 5 + 17. Let y = 11 + o. What is the highest common factor of 112 and y?
14
Let o be (-10)/120 + ((-20444)/48 - 2). Let z = 608 + o. Calculate the highest common factor of z and 135.
45
Suppose -5*a - 12 = -s - 34, 4*a = 16. Let k = s + 20. Suppose -137 - 61 = -k*f. What is the highest common divisor of 1 and f?
1
Suppose 39*t - 478 - 770 = 0. Suppose -10*g + t = 6*g. What is the highest common factor of g and 78?
2
Let a = -3330 + 3398. Calculate the highest common factor of 34 and a.
34
Let x(b) = 14*b + 1. Let u be x(1). Let r = 1814 + -1816. Let l = u + r. Calculate the greatest common divisor of l and 91.
13
Suppose -4*q + 2*m = 4*m - 220, m - 2 = 0. Let j(u) = u**3 + 17*u**2 + 10*u - 78. Let x be j(-16). What is the greatest common factor of q and x?
18
Let d = 882 - -4269. What is the greatest common factor of d and 51?
51
Suppose o + 8 = v, 21 + 5 = 5*v + 2*o. Suppose v*x - 934 + 220 = 0. Calculate the highest common divisor of x and 17.
17
Let c = 21903 - 19329. What is the greatest common divisor of 195 and c?
39
Suppose f + 2 = 3. Let i be (-7)/(-2)*10*24/280. Suppose 168 - 195 = -i*d. Calculate the highest common divisor of d and f.
1
Suppose 0 = -2*b - 4*n + 1728, -5*n + 503 = -2*b + 2186. Suppose 0 = 5*r + b - 999. Calculate the greatest common divisor of r and 203.
29
Let u be (-4)/14 - 1776/(-42). Suppose -5*r = -5*o - 110, -2*r + 4*o - 813 = -859. What is the greatest common divisor of u and r?
21
Suppose 2*t - 44 = -4*p, -11 = -3*t + 4*p + 25. Let h = 563 + -387. Suppose 34*o - 45*o + h = 0. What is the highest common divisor of o and t?
16
Let v = 50 - 93. Let n be (-1 + -11)*3/1. Let j = n - v. What is the highest common divisor of 14 and j?
7
Let b = 18807 - 10059. Calculate the highest common factor of 108 and b.
108
Let c(i) = -2*i**2 - 19*i + 1. Let z be c(-10). Let r be 93/1*(z + 204/18). What is the highest common divisor of 31 and r?
31
Let c = 2777 + -2765. Suppose 0 = -i - 3*i + 12, q = 5*i - 32. Let v = 29 + q. Calculate the highest common divisor of v and c.
12
Suppose -37 = -z - 0*q - 4*q, -2*z = -q - 119. Suppose 4*h - 761 = -293. Let m = h - z. Calculate the highest common factor of m and 24.
12
Let a be (-1508)/(-10) - 448/(-140). What is the greatest common factor of a and 2254?
14
Suppose 25*r - 2587 = 412 + 2751. Calculate the highest common factor of 830 and r.
10
Suppose -5*c + 1022 = 12. Let z = 482 - c. What is the greatest common factor of 112 and z?
56
Suppose 21*x - 6*x - 22*x = -70. Suppose 4*s - j = 43, 45 = 5*s + 4*j + 7. What is the greatest common divisor of s and x?
10
Suppose 32*k = -1084 + 9084. Calculate the greatest common divisor of k and 200.
50
Let u be (-6 + 0)*(-33 + 1). Let z = -76712 + 76736. Calculate the highest common divisor of z and u.
24
Let c be 15/6*(-6)/(-5). Let w be (c/(-5))/(-3) + 3390/50. What is the highest common divisor of w and 17?
17
Let y be (6/(-5))/(9/(-1560)). Suppose 179*o + 32 = 4*m + 177*o, 3*o - 8 = -m. What is the greatest common divisor of y and m?
8
Suppose -3*j + 4 = 2*o + 272, 4*j = 4*o + 536. Let a be 23 + (-812)/35 + (-1822)/(-10). Let n = a + o. What is the highest common divisor of n and 72?
24
Suppose 274*q = 306*q - 26144. What is the greatest common factor of 437 and q?
19
Let n = -17 - -117. Suppose 98*o - 102*o + n = 0. What is the greatest common factor of o and 1?
1
Suppose 2*r - 3*h - 3049 + 701 = 0, -5*h + 30 = 0. What is the greatest common factor of 3887 and r?
169
Suppose 316*t - 301*t - 1125 = 0. What is the greatest common factor of 275 and t?
25
Let v(f) = 1 + 2*f - 6 - 33 + 5. Let r be v(21